99853 a prime number?
True
Is 16845137261 a composite number?
False
Is 10764596233 a composite number?
True
Is 1549227815 a prime number?
False
Is 508374809 prime?
True
Is 48924635579 prime?
True
Is 390583847 a composite number?
False
Is 3763133653 composite?
False
Is 66713092931 a prime number?
False
Is 1614843319 prime?
False
Is 35420191529 a composite number?
True
Is 20948190259 a prime number?
False
Is 72066211157 a composite number?
True
Is 3053489597 composite?
False
Is 57688329 composite?
True
Is 26425839529 a composite number?
False
Is 5099552921 a composite number?
False
Is 7168021381 a prime number?
True
Is 1375795607 a composite number?
True
Is 874389419 a composite number?
True
Is 29712721529 a composite number?
True
Is 1026683153 prime?
False
Is 9060526807 a prime number?
True
Is 4545925779 prime?
False
Is 1049660627 a composite number?
False
Is 211462065259 prime?
False
Is 163833031 a prime number?
False
Is 63774577 composite?
False
Is 295074811 composite?
False
Is 19756976339 composite?
True
Is 2493500351 prime?
True
Is 7631047693 a composite number?
True
Is 104637671 composite?
True
Is 27411603353 composite?
True
Is 419973377 a prime number?
True
Is 74834576939 composite?
False
Is 477374351 a prime number?
False
Is 934225297 composite?
False
Is 5967919747 composite?
False
Is 2005883 prime?
False
Is 132159066451 a prime number?
False
Is 2257597711 a prime number?
False
Is 593132231 composite?
False
Is 45703667 a prime number?
False
Is 299995799 a composite number?
False
Is 212542079 a prime number?
True
Is 343911968731 a composite number?
False
Is 14037411 a prime number?
False
Is 446065577 composite?
False
Is 335617427 prime?
False
Is 9322181741 prime?
False
Is 2067884653 composite?
False
Is 1641384059 composite?
True
Is 61791174161 a composite number?
False
Is 7974483305 a prime number?
False
Is 28137832819 a composite number?
False
Is 862417931 a prime number?
False
Is 704394373 prime?
True
Is 5782484837 prime?
False
Is 1740482353 composite?
True
Is 457625039 a prime number?
False
Is 3508725089 composite?
True
Is 38778875411 a prime number?
False
Is 250955279 composite?
True
Is 12997337783 composite?
False
Is 45554548867 composite?
False
Is 94802704519 a composite number?
False
Is 64106377 prime?
False
Is 2600697707 composite?
False
Is 1488330241 prime?
True
Is 9968665249 prime?
False
Is 4208861687 a composite number?
False
Is 58417734565 a prime number?
False
Is 7125520861 composite?
True
Is 2023583591 prime?
False
Is 1392648707 a prime number?
True
Is 5485198259 a composite number?
True
Is 12130591531 a prime number?
True
Is 4159448323 a composite number?
True
Is 3277279 a prime number?
True
Is 4403274431 composite?
True
Is 101521487 a composite number?
False
Is 810018779 a composite number?
False
Is 1556954767 composite?
True
Is 66489041753 a composite number?
False
Is 15670355039 a prime number?
False
Is 3953133523 composite?
False
Is 3740731669 a composite number?
False
Is 384136063 composite?
True
Is 3790049761 prime?
False
Is 12224738137 a composite number?
False
Is 48897698123 a prime number?
True
Is 2551141709 a prime number?
False
Is 14571451117 a composite number?
False
Is 6442757221 prime?
False
Is 344343059 prime?
True
Is 166301269 a composite number?
True
Is 45948563 a composite number?
True
Is 2385764777 prime?
False
Is 5290961213 composite?
False
Is 2062233247 a composite number?
False
Is 502213771 a prime number?
False
Is 11697729109 a prime number?
False
Is 7979799689 a composite number?
False
Is 10135805791 composite?
True
Is 3950086577 composite?
False
Is 98970069574 a composite number?
True
Is 1068702007 composite?
True
Is 26593888627 composite?
False
Is 628694009 a composite number?
False
Is 692164607 a composite number?
False
Is 27739233167 a composite number?
False
Is 7384464499 composite?
True
Is 5483017339 composite?
False
Is 1072419017 composite?
False
Is 321652169 prime?
False
Is 2450668837 a composite number?
True
Is 140502795893 prime?
False
Is 15972803563 composite?
False
Is 54536453143 a prime number?
True
Is 1447201357 prime?
False
Is 199431677 prime?
True
Is 10978596799 composite?
False
Is 2430951357 composite?
True
Is 69754848635 composite?
True
Is 760982291 a prime number?
False
Is 20135649119 a prime number?
False
Is 5205191507 prime?
True
Is 53299358633 a composite number?
True
Is 22616084849 a prime number?
False
Is 1164505339 composite?
True
Is 1340668489 composite?
False
Is 275598421 a prime number?
False
Is 368456993 composite?
False
Is 657628163 prime?
True
Is 139254371 prime?
True
Is 8774449727 a prime number?
True
Is 76044510497 a prime number?
True
Is 3649490177 a prime number?
True
Is 104225773313 a prime number?
True
Is 423440789 prime?
False
Is 1198929191 a composite number?
True
Is 36296428297 a prime number?
True
Is 43854420457 a composite number?
True
Is 6454547317 composite?
False
Is 66870371813 a composite number?
True
Is 1447894559 a prime number?
False
Is 414166367 a prime number?
False
Is 333844067 prime?
False
Is 33761439389 composite?
False
Is 1831266859 composite?
True
Is 148947677 a prime number?
True
Is 682877215 a composite number?
True
Is 2657691833 prime?
False
Is 82433713 composite?
True
Is 85401432929 a composite number?
False
Is 9868160933 composite?
True
Is 23621545 composite?
True
Is 2489485211 prime?
True
Is 8335037441 a composite number?
False
Is 4488853631 a composite number?
False
Is 20310325319 a composite number?
False
Is 15001387 prime?
True
Is 49668833129 prime?
True
Is 6158783 a composite number?
False
Is 22476383801 composite?
False
Is 131209817 a prime number?
True
Is 245063853871 composite?
False
Is 95885633 a prime number?
True
Is 2499790543 a composite number?
False
Is 1143398717 a prime number?
True
Is 74368514711 a prime number?
True
Is 9710803045 prime?
False
Is 440996459 prime?
True
Is 8649965791 a composite number?
False
Is 376510313 a prime number?
True
Is 55773704627 composite?
False
Is 7666341513 a composite number?
True
Is 3421635787 a prime number?
True
Is 438877267 a composite number?
False
Is 122438287877 prime?
True
Is 8815464577 a prime number?
True
Is 24326362751 composite?
False
Is 869288383 prime?
True
Is 43488761 prime?
True
Is 4412184263 composite?
False
Is 27214564369 prime?
True
Is 6515785019 a prime number?
True
Is 54318995681 composite?
False
Is 1721021261 prime?
False
Is 21565457677 prime?
True
Is 316892159 a composite number?
False
Is 524854589 prime?
False
Is 64082280401 a composite number?
False
Is 925688254 a prime number?
False
Is 13020017333 a prime number?
False
Is 13149614483 a prime number?
False
Is 1607613167 composite?
False
Is 2343470993 composite?
True
Is 1199395667 composite?
False
Is 1261755199 a prime number?
False
Is 24091271 a composite number?
True
Is 3687935518 a composite number?
True
Is 528149689 a prime number?
True
Is 563023634 composite?
True
Is 7515117577 a prime number?
False
Is 532259653 composite?
False
Is 3457970177 a composite number?
False
Is 1214829347 a prime number?
False
Is 40857621421 a prime number?
True
Is 1095125689 a composite number?
True
Is 164907559 composite?
False
Is 597963 composite?
True
Is 3741265739 a composite number?
True
Is 342901193 composite?
False
Is 64001416421 composite?
False
Is 694503959 composite?
False
Is 173031453347 composite?
True
Is 189652571 a composite number?
False
Is 3346647323 prime?
True
Is 845368313 a composite number?
False
Is 731849369 prime?
False
Is 2403968761 a prime number?
True
Is 20827348778 a prime number?
False
Is 248822227 composite?
True
Is 68482107917 composite?
False
Is 55162979 a composite number?
True
Is 4599174071 prime?
False
Is 173503157 a prime number?
True
Is 44866997135 a composite number?
True
Is 40481538179 a composite number?
False
Is 22543120751 prime?
True
Is 11309341319 composite?
True
Is 140130689 prime?
True
Is 8662951841 a composite number?
True
Is 34869541181 a prime number?
False
Is 24345609907 a prime number?
True
Is 213278718911 composite?
False
Is 5227820821 a prime number?
True
Is 22975514053 a prime number?
False
Is 8599901777 a composite number?
True
Is 279389041 prime?
False
Is 5883509317 a composite number?
True
Is 60289773559 a prime number?
True
Is 176987842 composite?
True
Is 3351539747 a prime numbe